 39.
3
What is the highest common divisor of 144 and 792?
72
What is the greatest common divisor of 10 and 16970?
10
What is the greatest common divisor of 1044 and 132?
12
What is the greatest common factor of 8 and 276?
4
What is the greatest common divisor of 10 and 4790?
10
What is the highest common divisor of 69 and 1058?
23
What is the greatest common factor of 56 and 42?
14
What is the greatest common factor of 5 and 215?
5
What is the highest common factor of 21845 and 34?
17
Calculate the highest common factor of 85 and 15385.
85
Calculate the highest common divisor of 60 and 15.
15
What is the greatest common factor of 105 and 1845?
15
Calculate the greatest common factor of 22 and 1727.
11
Calculate the highest common factor of 106 and 60.
2
What is the highest common divisor of 30 and 30?
30
What is the greatest common factor of 90 and 195?
15
Calculate the greatest common divisor of 1048 and 1703.
131
Calculate the greatest common factor of 51 and 867.
51
What is the greatest common factor of 90 and 2718?
18
What is the greatest common divisor of 48 and 41136?
48
What is the highest common factor of 3995 and 17?
17
What is the greatest common factor of 7004 and 612?
68
What is the greatest common factor of 6196 and 4?
4
What is the greatest common factor of 689 and 26?
13
Calculate the greatest common divisor of 24 and 28.
4
What is the greatest common factor of 1335 and 15?
15
What is the highest common factor of 12 and 6972?
12
Calculate the greatest common divisor of 64 and 8.
8
What is the highest common divisor of 91 and 28?
7
Calculate the highest common factor of 25017 and 186.
93
What is the highest common factor of 882 and 658?
14
Calculate the greatest common divisor of 560 and 126.
14
Calculate the highest common factor of 8 and 2.
2
Calculate the highest common factor of 30 and 795.
15
What is the greatest common factor of 2212 and 28?
28
Calculate the greatest common divisor of 88 and 99.
11
What is the highest common factor of 348 and 60?
12
What is the highest common divisor of 1062 and 1152?
18
Calculate the highest common divisor of 22 and 3091.
11
What is the greatest common divisor of 39 and 2613?
39
What is the greatest common divisor of 119 and 7?
7
What is the highest common divisor of 30 and 18390?
30
Calculate the greatest common divisor of 2166 and 1026.
114
What is the greatest common factor of 590 and 20?
10
What is the greatest common divisor of 6 and 66?
6
What is the greatest common divisor of 17066 and 56?
14
What is the greatest common factor of 1614 and 6?
6
What is the highest common divisor of 8 and 488?
8
Calculate the highest common factor of 108 and 1377.
27
What is the greatest common factor of 10017 and 54?
27
Calculate the greatest common factor of 84 and 1824.
12
Calculate the highest common factor of 29 and 493.
29
Calculate the highest common factor of 640 and 416.
32
Calculate the greatest common divisor of 184 and 23.
23
Calculate the greatest common divisor of 18 and 14922.
18
What is the greatest common factor of 34 and 51?
17
What is the highest common factor of 1611 and 9?
9
Calculate the highest common divisor of 57 and 6.
3
Calculate the highest common divisor of 8 and 52.
4
What is the highest common factor of 56 and 2072?
56
Calculate the greatest common divisor of 3400 and 544.
136
What is the greatest common divisor of 72 and 1152?
72
Calculate the highest common divisor of 205 and 5.
5
What is the highest common divisor of 40 and 50360?
40
Calculate the greatest common factor of 816 and 48.
48
Calculate the greatest common factor of 43 and 2.
1
Calculate the highest common factor of 188 and 8.
4
What is the highest common factor of 58 and 5626?
58
What is the greatest common factor of 16 and 80?
16
Calculate the greatest common factor of 481 and 52.
13
What is the highest common divisor of 5490 and 122?
122
What is the greatest common factor of 92 and 391?
23
What is the greatest common factor of 78 and 1?
1
What is the highest common factor of 32 and 1864?
8
Calculate the greatest common divisor of 6262 and 186.
62
What is the greatest common divisor of 668 and 20875?
167
Calculate the greatest common divisor of 245 and 525.
35
What is the highest common divisor of 2534 and 7?
7
What is the greatest common factor of 154 and 1925?
77
Calculate the greatest common factor of 231 and 33.
33
Calculate the highest common factor of 27 and 36909.
27
Calculate the highest common divisor of 128 and 80.
16
What is the greatest common divisor of 1498 and 28?
14
Calculate the greatest common factor of 8 and 22.
2
Calculate the highest common factor of 4 and 80.
4
What is the greatest common divisor of 1300 and 52?
52
What is the highest common factor of 2460 and 120?
60
What is the highest common factor of 24 and 1212?
12
What is the greatest common divisor of 39 and 2496?
39
Calculate the greatest common divisor of 78 and 1482.
78
What is the highest common divisor of 34 and 4097?
17
What is the greatest common factor of 1872 and 72?
72
What is the greatest common divisor of 2 and 46?
2
What is the greatest common factor of 19359 and 239?
239
Calculate the highest common divisor of 180 and 2980.
20
Calculate the greatest common divisor of 380 and 2318.
38
Calculate the greatest common divisor of 192 and 1728.
192
Calculate the greatest common divisor of 80 and 928.
16
What is the greatest common factor of 550 and 20?
10
What is the greatest common divisor of 4316 and 52?
52
What is the greatest common divisor of 161 and 69?
23
Calculate the highest common factor of 50 and 700.
50
Calculate the highest common divisor of 1323 and 392.
49
What is the greatest common divisor of 790 and 30?
10
Calculate the highest common factor of 72 and 276.
12
What is the greatest common factor of 51 and 816?
51
What is the greatest common divisor of 117 and 156?
39
Calculate the highest common divisor of 1518 and 44.
22
What is the greatest common divisor of 144 and 1062?
18
What is the greatest common factor of 20 and 26?
2
What is the highest common factor of 696 and 1363?
29
Calculate the highest common factor of 147 and 1953.
21
Calculate the greatest common factor of 448 and 84.
28
Calculate the highest common factor of 20569 and 307.
307
Calculate the highest common divisor of 28 and 32.
4
What is the greatest common divisor of 345 and 15?
15
What is the highest common factor of 6419 and 35?
7
Calculate the greatest common factor of 18 and 108.
18
Calculate the highest common divisor of 1177 and 214.
107
Calculate the greatest common divisor of 230 and 590.
10
What is the highest common factor of 12 and 468?
12
What is the highest common factor of 119 and 391?
17
Calculate the highest common factor of 576 and 12.
12
Calculate the greatest common factor of 17 and 527.
17
Calculate the highest common factor of 57 and 10013.
19
Calculate the highest common factor of 21 and 91.
7
What is the highest common divisor of 33 and 253?
11
What is the highest common divisor of 231 and 66?
33
What is the highest common factor of 35 and 70?
35
Calculate the greatest common divisor of 24 and 328.
8
What is the greatest common divisor of 16 and 1072?
16
Calculate the highest common factor of 1325 and 25.
25
Calculate the greatest common factor of 62 and 5549.
31
What is the greatest common divisor of 2 and 835?
1
What is the highest common factor of 208 and 32?
16
Calculate the greatest common divisor of 42 and 336.
42
Calculate the greatest common divisor of 23 and 1288.
23
Calculate the greatest common factor of 44 and 1342.
22
Calculate the highest common divisor of 66 and 528.
66
Calculate the highest common divisor of 8 and 22.
2
Calculate the greatest common factor of 114 and 1308.
6
Calculate the highest common factor of 212 and 2014.
106
What is the highest common divisor of 2501 and 41?
41
What is the greatest common divisor of 1000 and 1300?
100
What is the greatest common factor of 597 and 2?
1
Calculate the highest common factor of 4 and 3466.
2
Calculate the highest common divisor of 13366 and 1304.
326
What is the greatest common divisor of 756 and 1044?
36
What is the greatest common divisor of 672 and 60?
12
Calculate the highest common divisor of 115 and 460.
115
What is the highest common 